{"id":12,"date":"2016-10-22T17:47:53","date_gmt":"2016-10-22T15:47:53","guid":{"rendered":"http:\/\/lamaisondantoine.fr\/?page_id=12"},"modified":"2021-11-25T10:59:08","modified_gmt":"2021-11-25T09:59:08","slug":"la-chambre-cote-cour","status":"publish","type":"page","link":"https:\/\/lamaisondantoine.fr\/index.php\/fr\/les-chambres\/la-chambre-cote-cour\/","title":{"rendered":"La chambre c\u00f4t\u00e9 jardin"},"content":{"rendered":"<table>\n<tbody>\n<tr>\n<td style=\"text-align: center;\"><img loading=\"lazy\" class=\"alignnone wp-image-166 size-thumbnail\" src=\"http:\/\/lamaisondantoine.fr\/wp-content\/uploads\/2016\/10\/20170621_104155-150x150.jpg\" alt=\"\" width=\"150\" height=\"150\" \/><\/td>\n<td style=\"text-align: center;\"><img loading=\"lazy\" class=\"alignnone wp-image-178 size-thumbnail\" src=\"http:\/\/lamaisondantoine.fr\/wp-content\/uploads\/2016\/10\/DSC_0995-150x150.jpg\" alt=\"\" width=\"150\" height=\"150\" \/><\/td>\n<td style=\"text-align: center;\"><img loading=\"lazy\" class=\"alignnone wp-image-40 size-thumbnail\" src=\"http:\/\/lamaisondantoine.fr\/wp-content\/uploads\/2016\/10\/cropped-logo-web-1-150x150.jpg\" alt=\"\" width=\"150\" height=\"150\" srcset=\"https:\/\/lamaisondantoine.fr\/wp-content\/uploads\/2016\/10\/cropped-logo-web-1-150x150.jpg 150w, https:\/\/lamaisondantoine.fr\/wp-content\/uploads\/2016\/10\/cropped-logo-web-1-300x300.jpg 300w, https:\/\/lamaisondantoine.fr\/wp-content\/uploads\/2016\/10\/cropped-logo-web-1.jpg 512w\" sizes=\"(max-width: 150px) 100vw, 150px\" \/><\/td>\n<\/tr>\n<\/tbody>\n<\/table>\n<table style=\"background-color: #f0f0f0;\" cellpadding=\"10px\">\n<tbody>\n<tr>\n<td style=\"width: 250px; text-align: left; padding-left: 30px;\">Surface: chambre 16 m\u00b2<br \/>\nSalle d\u2019eau avec wc<br \/>\nLiterie: 160 X 200 cm 7 zones de confort<br \/>\nClimatisation<br \/>\nTV, Wi-fi<br \/>\n<strong>Tarif: 105\u20ac la nuit<\/strong><\/td>\n<td style=\"vertical-align: middle; text-align: justify;\"><strong>Cette chambre au style actuel donne sur le jardin et la cour int\u00e9rieure de la maison.<\/strong><\/p>\n<p><strong>Orient\u00e9e \u00e0 l\u2019Est elle est baign\u00e9e de soleil d\u00e8s les premi\u00e8res heures de la journ\u00e9e.<\/strong><\/td>\n<\/tr>\n<\/tbody>\n<\/table>\n","protected":false},"excerpt":{"rendered":"<p>Surface: chambre 16 m\u00b2 Salle d\u2019eau avec wc Literie: 160 X 200 cm 7 zones de confort Climatisation TV, Wi-fi Tarif: 105\u20ac la nuit Cette chambre au style actuel donne sur le jardin et la cour int\u00e9rieure de la maison. Orient\u00e9e \u00e0 l\u2019Est elle est baign\u00e9e de soleil d\u00e8s les premi\u00e8res heures de la journ\u00e9e.<\/p>\n","protected":false},"author":1,"featured_media":0,"parent":5,"menu_order":2,"comment_status":"closed","ping_status":"closed","template":"","meta":[],"_links":{"self":[{"href":"https:\/\/lamaisondantoine.fr\/index.php\/wp-json\/wp\/v2\/pages\/12"}],"collection":[{"href":"https:\/\/lamaisondantoine.fr\/index.php\/wp-json\/wp\/v2\/pages"}],"about":[{"href":"https:\/\/lamaisondantoine.fr\/index.php\/wp-json\/wp\/v2\/types\/page"}],"author":[{"embeddable":true,"href":"https:\/\/lamaisondantoine.fr\/index.php\/wp-json\/wp\/v2\/users\/1"}],"replies":[{"embeddable":true,"href":"https:\/\/lamaisondantoine.fr\/index.php\/wp-json\/wp\/v2\/comments?post=12"}],"version-history":[{"count":9,"href":"https:\/\/lamaisondantoine.fr\/index.php\/wp-json\/wp\/v2\/pages\/12\/revisions"}],"predecessor-version":[{"id":343,"href":"https:\/\/lamaisondantoine.fr\/index.php\/wp-json\/wp\/v2\/pages\/12\/revisions\/343"}],"up":[{"embeddable":true,"href":"https:\/\/lamaisondantoine.fr\/index.php\/wp-json\/wp\/v2\/pages\/5"}],"wp:attachment":[{"href":"https:\/\/lamaisondantoine.fr\/index.php\/wp-json\/wp\/v2\/media?parent=12"}],"curies":[{"name":"wp","href":"https:\/\/api.w.org\/{rel}","templated":true}]}}